at is d - 82da27?
-82da1a
In base 14, what is -227a1 - -6a8?
-220d7
In base 13, what is 96461 + 8?
96469
In base 13, what is 1c - 872870a?
-87286bb
In base 9, what is 15488472 - -110?
15488582
In base 15, what is 87 + -52276?
-521de
In base 6, what is -2 + 312113051?
312113045
In base 7, what is 6035 - 440?
5265
In base 3, what is 0 - -122211120012020222?
122211120012020222
In base 9, what is -11 - 151486163?
-151486174
In base 16, what is 1a62 + -bed3?
-a471
In base 10, what is 47072 - 1555?
45517
In base 9, what is 11 + 1707630?
1707641
In base 3, what is 110 + 1011020111?
1011020221
In base 3, what is -1212202 - -101200021000?
101121101021
In base 7, what is 1423536 + -565?
1422641
In base 7, what is -133520 + 3552?
-126635
In base 10, what is 21 + 12798075?
12798096
In base 9, what is 761 + -65001?
-64130
In base 9, what is -2 - 1425738?
-1425741
In base 3, what is -112120100 + 11010000?
-101110100
In base 2, what is 101010111111011101 - -1001110?
101011000000101011
In base 16, what is -7b2f + -3bec?
-b71b
In base 11, what is 14948a79 - -22?
14948aa0
In base 7, what is -2 + -11533015?
-11533020
In base 10, what is -131368 + -85?
-131453
In base 3, what is -202010022000 + 1022?
-202010020201
In base 6, what is -32215140 - 241?
-32215421
In base 5, what is -330 - -11213140?
11212310
In base 11, what is -7 - 84a042?
-84a049
In base 9, what is 2406 - -38508?
42015
In base 7, what is 1201220 + 14?
1201234
In base 3, what is 12 - -1112110200002202?
1112110200002221
In base 10, what is 2670023 + 28?
2670051
In base 10, what is 846 - 95770?
-94924
In base 11, what is 8098 + 7691?
14779
In base 15, what is -3 + 67cda4?
67cda1
In base 8, what is -426 - 4043573?
-4044221
In base 12, what is -480a - -233?
-4597
In base 14, what is -33 - 36d5?
-3728
In base 2, what is 110000011 + 11111100000111100?
11111100110111111
In base 13, what is 1082c - 1171?
c68b
In base 12, what is 169694 + 11?
1696a5
In base 7, what is -13 - -1161442626?
1161442613
In base 7, what is -1231205435 - 25?
-1231205463
In base 6, what is 105401234 + 40?
105401314
In base 11, what is -1171 + 18966?
177a5
In base 7, what is -1141160 - -353?
-1140504
In base 3, what is 2201112102110 + -22110?
2201112010000
In base 14, what is -2179 - -32b?
-1c4c
In base 6, what is 242531 + 2114?
245045
In base 14, what is 216610 + 209?
216819
In base 16, what is -166f9802 - 5?
-166f9807
In base 16, what is -230519 - -40?
-2304d9
In base 16, what is 5 + -3cc1454?
-3cc144f
In base 4, what is -11031 - -30202210233?
30202133202
In base 9, what is -85 + -644627?
-644723
In base 3, what is -111 + -1202120120001100?
-1202120120001211
In base 4, what is 1 - -1111031212220?
1111031212221
In base 10, what is -73 - 94448?
-94521
In base 14, what is -2a - c34c1?
-c350b
In base 5, what is -3 + 104300111122?
104300111114
In base 10, what is 1051 - 6675?
-5624
In base 4, what is -22312003233 + -12?
-22312003311
In base 6, what is -5042 + -10213?
-15255
In base 2, what is -101010110111000100101 - -1101000?
-101010110110110111101
In base 16, what is -9002 - 1c2?
-91c4
In base 5, what is -3130 - 21331313?
-21334443
In base 16, what is 9ae5bc5 + 1?
9ae5bc6
In base 11, what is -13911 - 482?
-14293
In base 12, what is -2327 - -27b36?
2580b
In base 13, what is 151886b0c - -4?
151886b13
In base 16, what is ed435 + 46?
ed47b
In base 9, what is -3 + 10086081?
10086077
In base 8, what is 2 - 1011072731?
-1011072727
In base 12, what is 6 - -b4a734?
b4a73a
In base 5, what is 144 + -32434423?
-32434224
In base 7, what is -14 - -31141653?
31141636
In base 11, what is 4075a + 82?
40831
In base 13, what is -cc7209 - -3?
-cc7206
In base 13, what is 1 + 7b4124?
7b4125
In base 8, what is 120 - 1174722?
-1174602
In base 4, what is 222113223310 + 1?
222113223311
In base 9, what is 400 + 1733877?
1734377
In base 2, what is -10101011001111010 - -110011011?
-10101010011011111
In base 2, what is 111100001100001110111000 - -100?
111100001100001110111100
In base 2, what is 1111010 + -11101100000010?
-11101010001000
In base 11, what is -18a3a + 68?
-18982
In base 4, what is -2330 - -13231321?
13222331
In base 15, what is 13e97 - -40?
13ed7
In base 6, what is -51 + -130452414?
-130452505
In base 11, what is 2 - 352869?
-352867
In base 2, what is 1001111110011 + -11000010100010?
-1110010101111
In base 12, what is -1 + 1353ba45?
1353ba44
In base 11, what is 0 - -85091a06?
85091a06
In base 2, what is 10 + -1110001001111010010?
-1110001001111010000
In base 11, what is 3029 + -3796?
-768
In base 16, what is 1345 + 79e?
1ae3
In base 10, what is 60148451 - -2?
60148453
In base 5, what is 221442 - 314104?
-42112
In base 15, what is 5d1 + -191?
440
In base 3, what is -11220110221 + -2102?
-11220120100
In base 4, what is -1233111123232 + -10?
-1233111123302
In base 14, what is 3 - -307d0?
307d3
In base 12, what is 30 + -18210?
-181a0
In base 8, what is 1016 - 54157?
-53141
In base 12, what is -10 + -4501b09?
-4501b19
In base 6, what is -12 - -50345011?
50344555
In base 4, what is -10 + -23102312203?
-23102312213
In base 2, what is -101011111000111 + 101011000010001?
-110110110
In base 3, what is 2001021020120110 + -10?
2001021020120100
In base 12, what is 5 + -819940?
-819937
In base 5, what is 0 + 14402401422?
14402401422
In base 5, what is -1241424 + 1043222?
-143202
In base 7, what is 100026 - -1215?
101244
In base 5, what is 300100 + -2001312?
-1201212
In base 14, what is 707643c + -3?
7076439
In base 11, what is 575 - -9a?
664
In base 8, what is 23 + 17552007?
17552032
In base 11, what is -15934 - -178?
-15767
In base 11, what is 4 - -25076570?
25076574
In base 14, what is -a0 - -3620c7?
362027
In base 10, what is 808580 + -14?
808566
In base 11, what is 571 - 4999?
-4428
In base 13, what is -31 + -58b03?
-58b34
In base 15, what is -37e - -55d0c?
5597d
In base 12, what is 19 + -51309?
-512b0
In base 10, what is -346259835 - -5?
-346259830
In base 9, what is -18834620 + 51?
-18834558
In base 2, what is 101 + 110111000000011001010?
110111000000011001111
In base 12, what is 21b175 + 8?
21b181
In base 5, what is 24300404 - 11040?
24234314
In base 4, what is 211030022111 - 10?
211030022101
In base 9, what is -15250037 + -54?
-15250102
In base 9, what is -116628607 + 3?
-116628604
In base 2, what is 101010001 + 1000000010010101010?
1000000010111111011
In base 5, what is -32420 - 12141013?
-12223433
In base 6, what is 14140345 + -15?
14140330
In base 8, what is 772631 - 125?
772504
In base 11, what is -195 - 2458121?
-2458306
In base 12, what is 45331 - -3222?
48553
In base 16, what is 7 + -e95d6?
-e95cf
In base 14, what is 815300 + 3?
815303
In base 12, what is 2b8642 - -12?
2b8654
In base 15, what is -ba2ae3 + 12?
-ba2ad1
In base 8, what is 0 + -550075774?
-550075774
In base 11, what is -3 - -4195944?
4195941
In base 2, what is -101 - -111011011000100100111?
111011011000100100010
In base 2, what is 11010110 + 1000101000011100?
1000101011110010
In base 5, what is -1211233 - -121044?
-1040134
In base 6, what is 12324233 - 2254?
12321535
In base 9, what is -170340 + 1736?
-167503
In base 14, what is -178 + -29449?
-295c3
In base 6, what is 331 + -2322443?
-2322112
In base 16, what is -5a0057a + -2?
-5a0057c
In base 14, what is -78505 - 112d?
-79634
In base 4, what is 3 - 103010312033?
-103010312030
In base 15, what is 1d6c - -e5ae?
1142b
In base 14, what is 6 + -a1b860?
-a1b858
In base 6, what is 513454 - -53131?
1011025
In base 15, what is 97d - 2431b?
-2388d
In base 14, what is 0 + -21cad82a?
-21cad82a
In base 3, what is -1200 + -110211101000?
-110211102200
In base 15, what is 2 + -b718ca4?
-b718ca2
In base 12, what is 822124 + -b?
822115
In base 2, what is -100001 + 100000110000111101?
100000110000011100
In base 3, what is 11101 + -10012200012022?
-10012200000221
In base 12, what is 23 + 65b308?
65b32b
In base 14, what is -2268 - 2707?
-4971
In base 2, what is -111110001001011100 - -1000010010?
-111110000001001010
In base 6, what is -20220 - 13345102?
-13405322
In base 8, what is -2 - 241171035?
-241171037
In base 11, what is -5 + 730009?
730004
In base 6, what is -41 + 412025032?
412024551
In base 5, what is -24034104 + 24?
-24034030
In base 4, what is 1032 + 331220110?
331221202
In base 14, what is 32c286 + -436?
32bc50
In base 13, what is -14ca - 